12*l. Let i = 6 + -10. Let p be (4 + -1)*i/(-6). What is the highest common factor of p and l?
2
Suppose -4*m = m + 55. Let u be (m + 11)/(2 - 1). Suppose u = 6*t - 5 - 25. What is the greatest common divisor of t and 110?
5
Let m(t) = t + 25. Let j be m(-11). Let x be 9/(-12)*-52 - (-2 + -1). Calculate the highest common factor of x and j.
14
Suppose -g = -o + 104, -2599*o + 2604*o = -g + 526. What is the greatest common factor of 60 and o?
15
Let j be (-102)/(-85) + -1*1/5. Suppose 4*y - 26 = -5*z, 5*y = 5*z + 56 - j. What is the greatest common factor of y and 54?
9
Let z be 7 - -109 - (2 + 6). Let g = -1 + 4. Suppose -7*m + z = -g*m. Calculate the highest common divisor of m and 36.
9
Let k(h) = h**2 - 5*h + 30. Let j be k(3). Calculate the greatest common factor of j and 124.
4
Suppose 5*n - y = 2170, 5*n + y - 2190 = -2*y. Suppose -2*a = -6*a + 60. What is the highest common factor of a and n?
15
Let w be (-14)/(-28) + (-355)/(-2) - (-2)/(-1). Suppose m = 3*m - 32. Calculate the greatest common factor of m and w.
16
Let y(p) = -5*p**3 - 13*p**2 - 2*p - 4. Let n be (22/(-4) + 1)*8/12. Let g be y(n). Calculate the greatest common divisor of 140 and g.
20
Let l = 4730 + -4698. What is the greatest common divisor of 1272 and l?
8
Let k = -7700 + 8779. What is the highest common factor of k and 913?
83
Suppose -140*v + 98*v = -13230. What is the highest common divisor of v and 336?
21
Let y(u) = -u**3 - 3*u**2 - 6*u - 7. Let m be y(-2). Suppose d - m = -0, 4*b = -5*d + 125. What is the highest common divisor of 135 and b?
15
Let p(a) = -22*a**3 - a + 2. Let c be p(1). Let z = c + 29. Suppose -3*s = z*k - 3*k - 1167, -2*k - s + 466 = 0. What is the highest common factor of 21 and k?
21
Let a = 82 + -272. Let k be (a/25)/(4/(-40)). What is the highest common divisor of 1444 and k?
76
Let d = -6187 + 6555. Calculate the highest common divisor of 23 and d.
23
Let k = -65 - -67. Let p be (-91)/k*(-1368)/266. What is the greatest common factor of 36 and p?
18
Let g(k) = -k**3 + 5*k**2 + 5*k + 2. Let o be g(6). Let x be o*1/(-2)*1. Let r = -335 + 351. Calculate the highest common factor of x and r.
2
Let y = 849 + -597. Let n = 260 - y. What is the highest common divisor of n and 128?
8
Let f(s) = s**2 + 23*s + 30. Suppose -44 = 26*p - 24*p. Let w be f(p). Calculate the greatest common factor of w and 14.
2
Let n = 256 - 205. Suppose -10752 = -63*r + n*r. Calculate the greatest common factor of r and 14.
14
Let m(n) = n**2 + 11*n - 12. Let w be m(-14). Let p = 231 + -223. Let h be (8/(-12))/(p/(-900)). What is the highest common factor of w and h?
15
Let a be 1/(-5)*4*20/8. Let h(x) = 20*x - 10. Let l be h(a). Let p = l - -59. What is the greatest common divisor of p and 12?
3
Let o(g) = 10*g**2 - 307*g + 1630. Let m be o(5). Calculate the highest common factor of 90 and m.
15
Let y = 174 - 154. Suppose -y = 3*a - 23. What is the highest common divisor of a and 2?
1
Let c(t) be the first derivative of 11*t**2 - 12*t + 57. Let p be c(3). What is the greatest common divisor of p and 72?
18
Suppose 0 = 43*y - 45451 - 59125. What is the greatest common divisor of y and 76?
76
Let c = -152 - -162. Suppose 0 = -4*n - m - c + 28, 0 = 4*n - 5*m - 30. What is the highest common divisor of n and 20?
5
Let d be -2 + (1 - (-9 + 0)). Let w(t) = 15*t - 62. Let c be w(d). Let p = -57 + c. What is the greatest common factor of p and 8?
1
Let d = 3123 + -2675. What is the highest common factor of 644 and d?
28
Suppose 5*u - 41 = -2*b - 2*b, -b = 2*u - 11. Suppose 4*h - 4*w - 32 = 0, -2*h = 5*w + 10 + 9. What is the greatest common divisor of b and h?
3
Let o = -656 - -491. Let t = 249 + o. Calculate the greatest common divisor of t and 147.
21
Suppose 6*p + 9*p = 1245. Let m = -81 + p. Suppose -5*k = -w + 85, -3*w - m*k + 362 = w. Calculate the highest common factor of w and 18.
18
Let g(s) be the second derivative of 9*s**3/2 + 49*s**2/2 - 87*s. Let q be g(7). Calculate the greatest common divisor of q and 14.
14
Let d(t) = t**3 - 2*t**2 - t + 1. Let x be d(5). Let a = -71 + x. Suppose n = -3*h - 0*n + 107, -3*n - 3 = a. What is the greatest common divisor of 9 and h?
9
Let g be (-4 + 4 + 0)/(-2). Suppose -3*k = -2*b + 55, -b + 2*k = -g*b - 30. Let a(q) = 4*q - 8. Let z be a(7). What is the highest common factor of z and b?
20
Suppose 45*x - 34*x + 1554 = 32*x. Calculate the highest common divisor of x and 24827.
37
Suppose 23*c - 135 - 233 = 0. Let f be ((-4)/8)/((-4)/256). Calculate the greatest common divisor of f and c.
16
Let k be 1 - 2/(-2) - -38. Suppose -36740 - 13503 = -204*x - 9443. What is the highest common factor of k and x?
40
Let q = 317 - 187. Suppose -5*b = 3*r - 134, 2*r - 4*b = 5*r - q. Let c = r - 23. Calculate the greatest common factor of c and 75.
15
Let t(m) = -4*m - 63. Suppose -4*h = -5*h - 6. Let s be (h/(-7))/((-6)/126). Let o be t(s). Calculate the highest common divisor of o and 99.
9
Let m be 992 - (-4)/(8/(-18)). Suppose m = -10*h + 1443. What is the highest common divisor of h and 92?
46
Suppose 11*a + 14*a = -8625. Let n = a + 953. What is the greatest common factor of 32 and n?
32
Suppose 35 = -2*w - 3*n + 23, -3*w - 4*n = 16. Suppose w = 13*b - 3202 - 48. Calculate the greatest common factor of 100 and b.
50
Let u(y) = 3*y**2 - 4. Let n be u(-4). Suppose n = 4*l - 40. Let x(k) = k**3 - 5*k**2 + 6*k - 9. Let r be x(6). Calculate the highest common divisor of r and l.
21
Suppose 17*s - 89 = 16*s. Suppose 3*j - 36 = 42. Let d be 4/j - s/(-13). Calculate the highest common divisor of d and 77.
7
Suppose -2*g = -4*s + 86, 3*s + 2*g - 4*g - 66 = 0. Let w be (-2592)/(-1620) + 84/10. Calculate the highest common divisor of s and w.
10
Let x = 28414 - 28354. Let r be 8/(-6)*-1*3. Let w be (10*1)/(r/16). What is the highest common divisor of w and x?
20
Let c be (-1506)/4*(-4)/(-6)*57/(-3). What is the greatest common divisor of 76 and c?
19
Let x(z) = -12*z**3 - 2*z**2 + 6*z - 2. Let f be x(-4). Suppose 3*i - 1076 = 4*n, -2*i = -4*i - n + f. Calculate the greatest common divisor of i and 4.
4
Suppose 0 = f - 5*f + 20. Let n be ((-30)/(-4)*(-16)/(-6))/(-14 + 16). Calculate the highest common factor of n and f.
5
Suppose 55039 = 23*v + 35*v + 20819. Calculate the highest common divisor of 80 and v.
10
Suppose 0 = i + 3*o + 3, -6*i = -3*i + o + 25. Suppose -18*n - 15*n = -66. Let w be n/(6/i) + 11. What is the highest common factor of 8 and w?
8
Let u be (-120)/156*(-21 - -8). What is the greatest common factor of u and 235?
5
Suppose 10 = 2*n - 5*h, -17*n = -16*n - 4*h + 4. Suppose 6 = a + 2. What is the highest common divisor of a and n?
4
Let b be (1 - 44/36) + 84896/1008. What is the greatest common divisor of 2982 and b?
42
Let y(g) = 1653 - 3327 + 1669 - 3*g. Let z be (-13)/4 + 2/8. Let c be y(z). Calculate the greatest common factor of 6 and c.
2
Suppose -6*p - 24 = 0, 3*p - 2*p = -t + 3871. Calculate the highest common divisor of t and 250.
125
Suppose -m - 5 = 4*g, -m + 5 + 2 = -2*g. Suppose 3*i + 2*b + 19 = 53, m*i - b - 28 = 0. Calculate the highest common divisor of 640 and i.
10
Suppose 0 = l - 4*l + 72. Suppose 2*p - p = l. Suppose -960 = 1302*c - 1318*c. Calculate the greatest common factor of c and p.
12
Let c = 525 - -11767. What is the greatest common divisor of 28 and c?
28
Let d(k) = 68*k - 2347. Let f be d(52). What is the highest common factor of f and 29?
29
Let o be 8*15*1*(5 - (-209)/(-44)). What is the highest common divisor of o and 200?
10
Let f be ((-18)/18)/((-2)/(-8)). Let o be ((-138)/f)/((-30)/(-280)). Calculate the highest common divisor of 14 and o.
14
Let y = -18556 - -20246. What is the greatest common divisor of y and 4901?
169
Let q = -1278 + 1285. What is the greatest common divisor of 3003 and q?
7
Let r(l) = l**3 - 5*l**2 + 6*l + 13. Let t be r(6). Let k = t - 76. Calculate the greatest common divisor of 15 and k.
3
Let i(t) = 4*t + 38. Let s be i(-10). Let c be s/(9 + 9618/(-1068)). Calculate the highest common divisor of 8 and c.
4
Suppose 3*q - 3 + 6 = 0. Let u be ((-99)/(-15))/(q/(-10)). Suppose 3*y = 3*t + 60, -t = 3*y - 41 - 27. Calculate the highest common factor of u and y.
22
Let c(f) = 4*f**2 + 26*f + 19. Let o(w) = 3*w**2 + 47*w - 22. Let n be o(-16). Let u be c(n). What is the greate